{"id":86,"date":"2020-06-30T11:49:24","date_gmt":"2020-06-30T09:49:24","guid":{"rendered":"https:\/\/newweb.biblio.univ-evry.fr\/?page_id=86"},"modified":"2025-11-20T10:43:37","modified_gmt":"2025-11-20T09:43:37","slug":"acces-handicap","status":"publish","type":"page","link":"https:\/\/www.biblio.univ-evry.fr\/index.php\/acces-handicap\/","title":{"rendered":"Acc\u00e8s handicap"},"content":{"rendered":"\n<p>La biblioth\u00e8que participe \u00e0 la commission handicap mise en place par l&rsquo;Universit\u00e9 d&rsquo;\u00c9vry. Elle veille \u00e0 accueillir au mieux ses usagers et \u00e0 permettre \u00e0 tous l&rsquo;acc\u00e8s \u00e0 l&rsquo;ensemble des services.<\/p>\n\n\n\n<style>#sp-ea-668 .spcollapsing { height: 0; overflow: hidden; transition-property: height;transition-duration: 500ms;}#sp-ea-668{ position: relative; }#sp-ea-668 .ea-card{ opacity: 0;}#eap-preloader-668{ position: absolute; left: 0; top: 0; height: 100%;width: 100%; text-align: center;display: flex; align-items: center;justify-content: center;}#sp-ea-668.sp-easy-accordion>.sp-ea-single {margin-bottom: 10px; border: 0px solid #ffffff; }#sp-ea-668.sp-easy-accordion>.sp-ea-single>.ea-header a {color: #444;}#sp-ea-668.sp-easy-accordion>.sp-ea-single>.sp-collapse>.ea-body {background: #fff; color: #444;}#sp-ea-668.sp-easy-accordion>.sp-ea-single {background: #ffffff;}#sp-ea-668.sp-easy-accordion>.sp-ea-single>.ea-header a .ea-expand-icon { float: left; color: #444;font-size: 16px;}<\/style><div id=\"sp_easy_accordion-1741278543\"><div id=\"sp-ea-668\" class=\"sp-ea-one sp-easy-accordion\" data-ea-active=\"ea-click\" data-ea-mode=\"vertical\" data-preloader=\"1\" data-scroll-active-item=\"\" data-offset-to-scroll=\"0\"><div id=\"eap-preloader-668\" class=\"accordion-preloader\"><img src=\"https:\/\/www.biblio.univ-evry.fr\/wp-content\/plugins\/easy-accordion-free\/public\/assets\/ea_loader.svg\" alt=\"Loader image\"\/><\/div><div class=\"ea-card sp-ea-single\"><h3 class=\"ea-header\"><a class=\"collapsed\" id=\"ea-header-6680\" role=\"button\" data-sptoggle=\"spcollapse\" data-sptarget=\"#collapse6680\" aria-controls=\"collapse6680\" href=\"#\" aria-expanded=\"false\" tabindex=\"0\"><i aria-hidden=\"true\" role=\"presentation\" class=\"ea-expand-icon eap-icon-ea-expand-plus\"><\/i> Salle Lire Autrement <\/a><\/h3><div class=\"sp-collapse spcollapse spcollapse\" id=\"collapse6680\" role=\"region\" aria-labelledby=\"ea-header-6680\"> <div class=\"ea-body\"><div>La salle Lire Autrement est une salle d\u00e9di\u00e9e aux usagers en situation de handicap. Elle est librement accessible, sans r\u00e9servation pr\u00e9alable.<\/div><div>Sont \u00e0 disposition<\/div><ul><li>\u00a04 tables:<ul><li>deux tables individuelles,<\/li><li>une grande table permettant \u00e0 deux usagers d'\u00eatre c\u00f4te \u00e0 c\u00f4te<\/li><li>une table adapt\u00e9e aux personnes en fauteuil roulant (PMR) dont le plateau s'\u00e9l\u00e8ve ou s'abaisse \u00e9lectroniquement<\/li><\/ul><\/li><li>un fauteuil adapt\u00e9 pour les usagers pouvant avoir des probl\u00e8mes dorsaux est \u00e0 disposition.<\/li><li>un ordinateur fixe avec un \u00e9cran de grande taille et un clavier avec caract\u00e8res agrandis.<\/li><\/ul><p>Vous pouvez b\u00e9n\u00e9ficier tout au long de l\u2019ann\u00e9e d\u2019un\u00a0<strong>rendez-vous individuel<\/strong>\u00a0pour visiter les locaux, vous familiariser avec les ressources documentaires et les services propos\u00e9s, obtenir de l\u2019aide dans vos recherches.<\/p><\/div><\/div><\/div><div class=\"ea-card sp-ea-single\"><h3 class=\"ea-header\"><a class=\"collapsed\" id=\"ea-header-6681\" role=\"button\" data-sptoggle=\"spcollapse\" data-sptarget=\"#collapse6681\" aria-controls=\"collapse6681\" href=\"#\" aria-expanded=\"false\" tabindex=\"0\"><i aria-hidden=\"true\" role=\"presentation\" class=\"ea-expand-icon eap-icon-ea-expand-plus\"><\/i> Acc\u00e8s PMR <\/a><\/h3><div class=\"sp-collapse spcollapse spcollapse\" id=\"collapse6681\" role=\"region\" aria-labelledby=\"ea-header-6681\"> <div class=\"ea-body\"><p>Les personnes se d\u00e9pla\u00e7ant en fauteuil roulant ou ayant des probl\u00e8mes de mobilit\u00e9 peuvent obtenir une\u00a0<strong>carte d\u2019acc\u00e8s \u00e0 l\u2019ascenseur<\/strong> de service. Si vous \u00eates \u00e9tudiant(e), enseignant(e)-chercheur(euse) ou membre du personnel de l'universit\u00e9 d'Evry, veuillez effectuer votre demande aupr\u00e8s de la Direction Vie Etudiante p\u00f4le Regimes sp\u00e9cifiques, par t\u00e9l\u00e9phone au 01 69 47 71 84 ou par e-mail : <span id=\"OBJ_PREFIX_DWT65_ZmEmailObjectHandler\" class=\"Object\" role=\"link\"><span id=\"OBJ_PREFIX_DWT78_ZmEmailObjectHandler\" class=\"Object\" role=\"link\"><a href=\"mailto:handicap@univ-evry.fr\" target=\"_blank\" rel=\"noreferrer noopener\">handicap[at]univ-evry.fr<\/a><\/span><\/span>.<\/p><p>Une <strong>table \u00e9lectrique<\/strong> \u00e0 hauteur r\u00e9glable est disponible dans la salle Lire Autrement<\/p><p>Tous les postes informatiques sont accessibles aux personnes en fauteuil roulant.<\/p><\/div><\/div><\/div><div class=\"ea-card sp-ea-single\"><h3 class=\"ea-header\"><a class=\"collapsed\" id=\"ea-header-6682\" role=\"button\" data-sptoggle=\"spcollapse\" data-sptarget=\"#collapse6682\" aria-controls=\"collapse6682\" href=\"#\" aria-expanded=\"false\" tabindex=\"0\"><i aria-hidden=\"true\" role=\"presentation\" class=\"ea-expand-icon eap-icon-ea-expand-plus\"><\/i> D\u00e9ficients visuels<\/a><\/h3><div class=\"sp-collapse spcollapse spcollapse\" id=\"collapse6682\" role=\"region\" aria-labelledby=\"ea-header-6682\"> <div class=\"ea-body\"><p>Pour les usagers malvoyants, la BU met \u00e0 disposition dans la salle Lire Autrement un ordinateur fixe avec un \u00e9cran de grande taille et un clavier avec caract\u00e8res agrandis.<\/p><\/div><\/div><\/div><\/div><\/div>\n\n\n\n<h3 class=\"wp-block-heading\">Contact<\/h3>\n\n\n\n<p>Pour toute information g\u00e9n\u00e9rale sur la prise en charge du handicap \u00e0 l&rsquo;universit\u00e9, contactez la\u00a0cellule handicap de l&rsquo;Universit\u00e9 d&rsquo;\u00c9vry par t\u00e9l\u00e9phone au 01 69 47 71 84 ou par e-mail :\u00a0<a href=\"mailto:handicap@univ-evry.fr\" target=\"_blank\" rel=\"noreferrer noopener\">handicap[at]univ-evry.fr<\/a>.<\/p>\n\n\n\n<p>Pour toute autre question ou renseignement n&rsquo;h\u00e9sitez pas \u00e0 nous contacter <\/p>\n\n\n\n<div class=\"wp-block-buttons is-layout-flex wp-block-buttons-is-layout-flex\">\n<div class=\"wp-block-button\"><a class=\"wp-block-button__link has-background wp-element-button\" href=\"javascript:Boxzilla.show(606)\" style=\"background-color:#005793\">Contactez-nous<\/a><\/div>\n<\/div>\n\n\n\n<p><\/p>\n","protected":false},"excerpt":{"rendered":"<p>La biblioth\u00e8que participe \u00e0 la commission handicap mise en place par l&rsquo;Universit\u00e9 d&rsquo;\u00c9vry. Elle veille \u00e0 accueillir au mieux ses usagers et \u00e0 permettre \u00e0 tous l&rsquo;acc\u00e8s \u00e0 l&rsquo;ensemble des services. Contact Pour toute information g\u00e9n\u00e9rale sur la prise en charge du handicap \u00e0 l&rsquo;universit\u00e9, contactez la\u00a0cellule handicap de l&rsquo;Universit\u00e9 d&rsquo;\u00c9vry par t\u00e9l\u00e9phone au 01 [&hellip;]<\/p>\n","protected":false},"author":1,"featured_media":0,"parent":0,"menu_order":0,"comment_status":"closed","ping_status":"closed","template":"","meta":{"wpupg_custom_link":[],"wpupg_custom_link_behaviour":[],"wpupg_custom_link_nofollow":[],"wpupg_custom_image":[],"wpupg_custom_image_id":[],"footnotes":""},"class_list":["post-86","page","type-page","status-publish","hentry"],"_links":{"self":[{"href":"https:\/\/www.biblio.univ-evry.fr\/index.php\/wp-json\/wp\/v2\/pages\/86","targetHints":{"allow":["GET"]}}],"collection":[{"href":"https:\/\/www.biblio.univ-evry.fr\/index.php\/wp-json\/wp\/v2\/pages"}],"about":[{"href":"https:\/\/www.biblio.univ-evry.fr\/index.php\/wp-json\/wp\/v2\/types\/page"}],"author":[{"embeddable":true,"href":"https:\/\/www.biblio.univ-evry.fr\/index.php\/wp-json\/wp\/v2\/users\/1"}],"replies":[{"embeddable":true,"href":"https:\/\/www.biblio.univ-evry.fr\/index.php\/wp-json\/wp\/v2\/comments?post=86"}],"version-history":[{"count":14,"href":"https:\/\/www.biblio.univ-evry.fr\/index.php\/wp-json\/wp\/v2\/pages\/86\/revisions"}],"predecessor-version":[{"id":13893,"href":"https:\/\/www.biblio.univ-evry.fr\/index.php\/wp-json\/wp\/v2\/pages\/86\/revisions\/13893"}],"wp:attachment":[{"href":"https:\/\/www.biblio.univ-evry.fr\/index.php\/wp-json\/wp\/v2\/media?parent=86"}],"curies":[{"name":"wp","href":"https:\/\/api.w.org\/{rel}","templated":true}]}}