{"id":63,"date":"2020-06-30T11:43:25","date_gmt":"2020-06-30T09:43:25","guid":{"rendered":"https:\/\/newweb.biblio.univ-evry.fr\/?page_id=63"},"modified":"2021-03-09T12:20:46","modified_gmt":"2021-03-09T11:20:46","slug":"inscription","status":"publish","type":"page","link":"https:\/\/www.biblio.univ-evry.fr\/index.php\/inscription\/","title":{"rendered":"Inscriptions"},"content":{"rendered":"\n<style id=\"sp_tab_dynamic_style3049\">#sp-tabpro-wrapper_3049.sp-tab__lay-default .sp-tab__tab-content {width: 100%;}#sp-tabpro-wrapper_3049 .animated {-webkit-animation-duration: 500ms;animation-duration: 500ms;}#sp-wp-tabs-wrapper_3049 .sp-tab__nav { justify-content: flex-start; }#sp-wp-tabs-wrapper_3049.sp-tab__lay-default.sp-tab__horizontal-bottom {display: flex;flex-direction: column-reverse;}#sp-wp-tabs-wrapper_3049.sp-tab__lay-default.sp-tab__horizontal-bottom > ul {border-top: 1px solid #cccccc;border-bottom: 0;margin-top: 0;}#sp-wp-tabs-wrapper_3049.sp-tab__lay-default.sp-tab__horizontal-bottom > ul > li .sp-tab__nav-link.sp-tab__active {border-color: transparent #cccccc#cccccc;margin-top: -1px;}#sp-wp-tabs-wrapper_3049.sp-tab__lay-default.sp-tab__horizontal-bottom > ul > li .sp-tab__nav-link,#sp-wp-tabs-wrapper_3049.sp-tab__lay-default.sp-tab__horizontal-bottom > ul > li a,#sp-wp-tabs-wrapper_3049.sp-tab__lay-default.sp-tab__horizontal-bottom > ul > .sp-tab__nav-item {border-top: 0;border-top-left-radius: 0;border-top-right-radius: 0;border-bottom-left-radius: 2px;border-bottom-right-radius: 2px;}#sp-wp-tabs-wrapper_3049.sp-tab__lay-default.sp-tab__horizontal-bottom > ul {border-bottom: none;}#sp-wp-tabs-wrapper_3049.sp-tab__lay-default.sp-tab__horizontal-bottom .sp-tab__tab-content .sp-tab__tab-pane {border-top: 1px solid #cccccc;border-bottom: 0;}#sp-wp-tabs-wrapper_3049.sp-tab__lay-default .sp-tab__tab-content .sp-tab-content > ul,#sp-wp-tabs-wrapper_3049.sp-tab__lay-default .sp-tab__tab-content .sp-tab-content > ol {border-bottom: none;}#sp-wp-tabs-wrapper_3049 .sp-tab__nav-tabs .sp-tab__nav-item.show .sp-tab__nav-link,#sp-wp-tabs-wrapper_3049.sp-tab__lay-default ul li .sp-tab__nav-link.sp-tab__active {border-color: #cccccc#cccccc transparent;}#sp-wp-tabs-wrapper_3049 > .sp-tab__nav-tabs .sp-tab__nav-link.sp-tab__active .sp-tab__tab_title,#sp-wp-tabs-wrapper_3049.sp-tab__lay-default .sp-tab__nav-link > .sp-tab__card-header {color: #444;}#sp-wp-tabs-wrapper_3049.sp-tab__lay-default > ul > li > .sp-tab__nav-link,#sp-wp-tabs-wrapper_3049.sp-tab__lay-default > ul > li > a {cursor: pointer;border-color: #cccccc;padding-top: 15px;padding-right: 15px;padding-bottom: 15px;padding-left: 15px;}#sp-wp-tabs-wrapper_3049 > .sp-tab__nav-tabs .sp-tab__nav-link {border: 1px solid #cccccc;height: 100%;}#sp-wp-tabs-wrapper_3049.sp-tab__lay-default > ul > li .sp-tab__nav-link,#sp-wp-tabs-wrapper_3049.sp-tab__lay-default > ul > li a,#sp-wp-tabs-wrapper_3049.sp-tab__lay-default > ul > .sp-tab__nav-item {border-top-left-radius: 2px;border-top-right-radius: 2px;}#sp-wp-tabs-wrapper_3049 .sp-tab__nav-tabs .sp-tab__nav-item {margin-bottom: -1px; }#sp-wp-tabs-wrapper_3049.sp-tab__lay-default > ul .sp-tab__nav-item {margin-right: 10px;}#sp-wp-tabs-wrapper_3049.sp-tab__lay-default.sp-tab__horizontal-bottom > ul .sp-tab__nav-item {margin-right: 10px;margin-top: 0;}#sp-wp-tabs-wrapper_3049.sp-tab__lay-default > ul .sp-tab__nav-item .sp-tab__nav-link:hover .sp-tab__tab_title,#sp-wp-tabs-wrapper_3049.sp-tab__lay-default > ul .sp-tab__nav-item a:hover .sp-tab__tab_title,#sp-wp-tabs-wrapper_3049.sp-tab__lay-default .sp-tab__nav-link.collapsed .sp-tab__card-header:hover {color: #444;transition: .3s;}#sp-wp-tabs-wrapper_3049.sp-tab__lay-default > ul .sp-tab__nav-item,#sp-wp-tabs-wrapper_3049.sp-tab__lay-default .sp-tab__nav-link.collapsed > .sp-tab__card-header {background-color: #eee;transition: 0.3s;}#sp-wp-tabs-wrapper_3049 > .sp-tab__nav-tabs > .sp-tab__nav-item.show .sp-tab__nav-link,#sp-wp-tabs-wrapper_3049 > .sp-tab__nav-tabs > .sp-tab__nav-item .sp-tab__nav-link.sp-tab__active,#sp-wp-tabs-wrapper_3049.sp-tab__lay-default .sp-tab__nav-link > .sp-tab__card-header {background-color: #fff;}#sp-tabs-wrapper_3049.sp-tab__lay-default > ul .sp-tab__nav-item .sp-tab__nav-link:not(.sp-tab__active):hover,#sp-tabs-wrapper_3049.sp-tab__lay-default .sp-tab__tab-content > .sp-tab__tab-pane .sp-tab__card-header:hover {background-color: #fff;}#sp-wp-tabs-wrapper_3049.sp-tab__lay-default > ul .sp-tab__nav-item:not(.sp-tab__active):hover,#sp-wp-tabs-wrapper_3049.sp-tab__lay-default .sp-tab__nav-link.collapsed > .sp-tab__card-header:hover {background-color: #fff;}#sp-wp-tabs-wrapper_3049.sp-tab__lay-default > ul .sp-tab__nav-item:last-child {margin-right: 0;}#sp-wp-tabs-wrapper_3049.sp-tab__lay-default > .sp-tab__tab-content .sp-tab__tab-pane {border: 1px solid #cccccc;padding-top: 20px;padding-right: 20px;padding-bottom: 20px;padding-left: 20px;background-color: #ffffff;}#sp-wp-tabs-wrapper_3049.sp-tab__lay-default > ul {border-bottom: 1px solid #cccccc;}#sp-wp-tabs-wrapper_3049.sp-tab__lay-default > .sp-tab__tab-content .sp-tab__tab-pane {border-top: 0px;}@media(max-width:480px) {#sp-wp-tabs-wrapper_3049.sp-tab__lay-default > ul li.sp-tab__nav-item {width: 100%;margin-right: 0px;}#sp-wp-tabs-wrapper_3049.sp-tab__lay-default > ul li.sp-tab__nav-item:last-child {margin-bottom: -1px;}}#sp-wp-tabs-wrapper_3049.sp-tab__lay-default > ul .sp-tab__nav-item .sp-tab__tab_title,#sp-wp-tabs-wrapper_3049.sp-tab__lay-default span > .sp-tab__card-header {font-weight: 600;font-style: normal;font-size: 16px;line-height: 22px;letter-spacing: 0px;color: #444;margin: 0px;font-family: Open Sans;font-style: normal;font-weight: 600;}#sp-wp-tabs-wrapper_3049.sp-tab__lay-default > .sp-tab__tab-content .sp-tab__tab-pane,#sp-wp-tabs-wrapper_3049.sp-tab__lay-default > .sp-tab__tab-content .sp-tab__tab-pane p {font-weight: 400;font-style: normal;font-size: 16px;line-height: 24px;letter-spacing: 0px;color: #444;font-family: Open Sans;font-style: 400;font-weight: ;}#sp-wp-tabs-wrapper_3049.sp-tab__lay-default > .sp-tab__tab-content .sp-tab__tab-pane ul li a, #sp-wp-tabs-wrapper_3049.sp-tab__lay-default .sp-tab__tab-content .sp-tab__tab-pane ol li a {color: #444;}<\/style>\t\t<div id=\"sp-wp-tabs-wrapper_3049\" class=\"sp-tab__lay-default\" data-preloader=\"0\" data-activemode=\"tabs-activator-event-click\" data-anchor_linking=\"1\">\n\t\t<ul class=\"sp-tab__nav sp-tab__nav-tabs\" id=\"sp-tab__ul\" role=\"tablist\">\n\t\t\t\t<li class=\"sp-tab__nav-item\" role=\"presentation\">\n\t\t\t\t<span class=\"sp-tab__nav-link sp-tab__active\" data-sptoggle=\"tab\" for=\"#tab-30491\" role=\"tab\" aria-controls=tab-30491 aria-selected=true tabindex=0>\n\t\t\t\t\t<span class=\"tab_title_area\"><H4 class=\"sp-tab__tab_title\">\u00c9tudiant<\/H4><\/span>\n\t\t\t\t<\/span>\n\t\t\t<\/li>\n\t\t\t\t\t\t<li class=\"sp-tab__nav-item\" role=\"presentation\">\n\t\t\t\t<span class=\"sp-tab__nav-link\" data-sptoggle=\"tab\" for=\"#tab-30492\" role=\"tab\" aria-controls=tab-30492 aria-selected=true tabindex=0>\n\t\t\t\t\t<span class=\"tab_title_area\"><H4 class=\"sp-tab__tab_title\">Enseignant-chercheur et personnel administratif<\/H4><\/span>\n\t\t\t\t<\/span>\n\t\t\t<\/li>\n\t\t\t\t\t\t<li class=\"sp-tab__nav-item\" role=\"presentation\">\n\t\t\t\t<span class=\"sp-tab__nav-link\" data-sptoggle=\"tab\" for=\"#tab-30493\" role=\"tab\" aria-controls=tab-30493 aria-selected=true tabindex=0>\n\t\t\t\t\t<span class=\"tab_title_area\"><H4 class=\"sp-tab__tab_title\">Autre<\/H4><\/span>\n\t\t\t\t<\/span>\n\t\t\t<\/li>\n\t\t\t<\/ul>\n<div class=\"sp-tab__tab-content\">\n\t\t\t\t<div id=\"tab-30491\" class=\"sp-tab__tab-pane sp-tab__show sp-tab__active\" role=\"tabpanel\">\n\t\t\t\t\t<div class=\"sp-tab-content animated fadeIn\"><style>#sp-ea-3050 .spcollapsing { height: 0; overflow: hidden; transition-property: height;transition-duration: 500ms;}#sp-ea-3050.sp-easy-accordion>.sp-ea-single {margin-bottom: 10px; border: 0px solid #e2e2e2; }#sp-ea-3050.sp-easy-accordion>.sp-ea-single>.ea-header a {color: #444;}#sp-ea-3050.sp-easy-accordion>.sp-ea-single>.sp-collapse>.ea-body {background: #fff; color: #444;}#sp-ea-3050.sp-easy-accordion>.sp-ea-single {background: #eeeeee;}#sp-ea-3050.sp-easy-accordion>.sp-ea-single>.ea-header a .ea-expand-icon { float: left; color: #444;font-size: 16px;}<\/style><div id=\"sp_easy_accordion-1777017810\"><div id=\"sp-ea-3050\" class=\"sp-ea-one sp-easy-accordion\" data-ea-active=\"ea-click\" data-ea-mode=\"vertical\" data-preloader=\"0\" data-scroll-active-item=\"\" data-offset-to-scroll=\"0\"><div class=\"ea-card sp-ea-single\"><h3 class=\"ea-header\"><a class=\"collapsed\" id=\"ea-header-30500\" role=\"button\" data-sptoggle=\"spcollapse\" data-sptarget=\"#collapse30500\" aria-controls=\"collapse30500\" href=\"#\" aria-expanded=\"false\" tabindex=\"0\"><i aria-hidden=\"true\" role=\"presentation\" class=\"ea-expand-icon eap-icon-ea-expand-plus\"><\/i> \u00c9tudiant d'un \u00e9tablissement de l'universit\u00e9 Paris-Saclay<\/a><\/h3><div class=\"sp-collapse spcollapse spcollapse\" id=\"collapse30500\" role=\"region\" aria-labelledby=\"ea-header-30500\"> <div class=\"ea-body\"><p><b style=\"color: #e06f24\">Votre carte d'\u00e9tudiant est votre carte de lecteur.<\/b><\/p><\/div><\/div><\/div><div class=\"ea-card sp-ea-single\"><h3 class=\"ea-header\"><a class=\"collapsed\" id=\"ea-header-30501\" role=\"button\" data-sptoggle=\"spcollapse\" data-sptarget=\"#collapse30501\" aria-controls=\"collapse30501\" href=\"#\" aria-expanded=\"false\" tabindex=\"0\"><i aria-hidden=\"true\" role=\"presentation\" class=\"ea-expand-icon eap-icon-ea-expand-plus\"><\/i> \u00c9tudiant d'AgroParisTech ou d'un \u00e9tablissement de l'Institut Polytechnique de Paris <\/a><\/h3><div class=\"sp-collapse spcollapse spcollapse\" id=\"collapse30501\" role=\"region\" aria-labelledby=\"ea-header-30501\"> <div class=\"ea-body\"><p>Pr\u00e9sentez-vous \u00e0 l'accueil de la biblioth\u00e8que muni des pi\u00e8ces justificatives suivantes :<\/p><ul><li>Pi\u00e8ce d'identit\u00e9<\/li><li>Justificatif de domicile de moins de 3 mois<\/li><li>Photographie d'identit\u00e9<\/li><li>Carte \u00e9tudiant<\/li><\/ul><p class=\"exergue\">L'inscription est gratuite.<\/p><\/div><\/div><\/div><\/div><\/div>\n<\/div>\n\t\t\t\t<\/div>\n\t\t\t\t\t\t\t\t<div id=\"tab-30492\" class=\"sp-tab__tab-pane \" role=\"tabpanel\">\n\t\t\t\t\t<div class=\"sp-tab-content animated fadeIn\"><style>#sp-ea-3051 .spcollapsing { height: 0; overflow: hidden; transition-property: height;transition-duration: 500ms;}#sp-ea-3051.sp-easy-accordion>.sp-ea-single {margin-bottom: 10px; border: 0px solid #e2e2e2; }#sp-ea-3051.sp-easy-accordion>.sp-ea-single>.ea-header a {color: #444;}#sp-ea-3051.sp-easy-accordion>.sp-ea-single>.sp-collapse>.ea-body {background: #fff; color: #444;}#sp-ea-3051.sp-easy-accordion>.sp-ea-single {background: #eeeeee;}#sp-ea-3051.sp-easy-accordion>.sp-ea-single>.ea-header a .ea-expand-icon { float: left; color: #444;font-size: 16px;}<\/style><div id=\"sp_easy_accordion-1777017810\"><div id=\"sp-ea-3051\" class=\"sp-ea-one sp-easy-accordion\" data-ea-active=\"ea-click\" data-ea-mode=\"vertical\" data-preloader=\"0\" data-scroll-active-item=\"\" data-offset-to-scroll=\"0\"><div class=\"ea-card sp-ea-single\"><h3 class=\"ea-header\"><a class=\"collapsed\" id=\"ea-header-30510\" role=\"button\" data-sptoggle=\"spcollapse\" data-sptarget=\"#collapse30510\" aria-controls=\"collapse30510\" href=\"#\" aria-expanded=\"false\" tabindex=\"0\"><i aria-hidden=\"true\" role=\"presentation\" class=\"ea-expand-icon eap-icon-ea-expand-plus\"><\/i> Enseignant vacataire et stagiaire d'\u00c9vry<\/a><\/h3><div class=\"sp-collapse spcollapse spcollapse\" id=\"collapse30510\" role=\"region\" aria-labelledby=\"ea-header-30510\"> <div class=\"ea-body\"><p>Une carte de lecteur vous sera \u00e9tablie sur pr\u00e9sentation d'un justificatif professionnel et d'une photographie.<\/p><\/div><\/div><\/div><div class=\"ea-card sp-ea-single\"><h3 class=\"ea-header\"><a class=\"collapsed\" id=\"ea-header-30511\" role=\"button\" data-sptoggle=\"spcollapse\" data-sptarget=\"#collapse30511\" aria-controls=\"collapse30511\" href=\"#\" aria-expanded=\"false\" tabindex=\"0\"><i aria-hidden=\"true\" role=\"presentation\" class=\"ea-expand-icon eap-icon-ea-expand-plus\"><\/i> Enseignant-chercheur et personnel administratif d'un \u00e9tablissement de l'universit\u00e9 Paris-Saclay<\/a><\/h3><div class=\"sp-collapse spcollapse spcollapse\" id=\"collapse30511\" role=\"region\" aria-labelledby=\"ea-header-30511\"> <div class=\"ea-body\"><p><b style=\"color: #e06f24\">Votre carte professionnelle est votre carte de lecteur.<\/b><\/p><\/div><\/div><\/div><div class=\"ea-card sp-ea-single\"><h3 class=\"ea-header\"><a class=\"collapsed\" id=\"ea-header-30512\" role=\"button\" data-sptoggle=\"spcollapse\" data-sptarget=\"#collapse30512\" aria-controls=\"collapse30512\" href=\"#\" aria-expanded=\"false\" tabindex=\"0\"><i aria-hidden=\"true\" role=\"presentation\" class=\"ea-expand-icon eap-icon-ea-expand-plus\"><\/i> Enseignant-chercheur et personnel administratif d'AgroParisTech ou d'un \u00e9tablissement de l'Institut Polytechnique de Paris <\/a><\/h3><div class=\"sp-collapse spcollapse spcollapse\" id=\"collapse30512\" role=\"region\" aria-labelledby=\"ea-header-30512\"> <div class=\"ea-body\"><p>Pr\u00e9sentez-vous \u00e0 l'accueil de la biblioth\u00e8que muni des pi\u00e8ces justificatives suivantes :<\/p><ul><li>Pi\u00e8ce d'identit\u00e9<\/li><li>Justificatif de domicile de moins de 3 mois<\/li><li>Photographie d'identit\u00e9<\/li><li>Carte professionnelle<\/li><\/ul><p class=\"exergue\">L'inscription est gratuite.<\/p><\/div><\/div><\/div><\/div><\/div>\n<\/div>\n\t\t\t\t<\/div>\n\t\t\t\t\t\t\t\t<div id=\"tab-30493\" class=\"sp-tab__tab-pane \" role=\"tabpanel\">\n\t\t\t\t\t<div class=\"sp-tab-content animated fadeIn\"><style>#sp-ea-3053 .spcollapsing { height: 0; overflow: hidden; transition-property: height;transition-duration: 500ms;}#sp-ea-3053.sp-easy-accordion>.sp-ea-single {margin-bottom: 10px; border: 1px solid #e2e2e2; }#sp-ea-3053.sp-easy-accordion>.sp-ea-single>.ea-header a {color: #444;}#sp-ea-3053.sp-easy-accordion>.sp-ea-single>.sp-collapse>.ea-body {background: #fff; color: #444;}#sp-ea-3053.sp-easy-accordion>.sp-ea-single {background: #eee;}#sp-ea-3053.sp-easy-accordion>.sp-ea-single>.ea-header a .ea-expand-icon { float: left; color: #444;font-size: 16px;}<\/style><div id=\"sp_easy_accordion-1701965423\"><div id=\"sp-ea-3053\" class=\"sp-ea-one sp-easy-accordion\" data-ea-active=\"ea-click\" data-ea-mode=\"vertical\" data-preloader=\"\" data-scroll-active-item=\"\" data-offset-to-scroll=\"0\"><div class=\"ea-card sp-ea-single\"><h3 class=\"ea-header\"><a class=\"collapsed\" id=\"ea-header-30530\" role=\"button\" data-sptoggle=\"spcollapse\" data-sptarget=\"#collapse30530\" aria-controls=\"collapse30530\" href=\"#\" aria-expanded=\"false\" tabindex=\"0\"><i aria-hidden=\"true\" role=\"presentation\" class=\"ea-expand-icon eap-icon-ea-expand-plus\"><\/i> Personne ext\u00e9rieure majeure<\/a><\/h3><div class=\"sp-collapse spcollapse spcollapse\" id=\"collapse30530\" role=\"region\" aria-labelledby=\"ea-header-30530\"> <div class=\"ea-body\"><p>Deux types d'inscription vous sont propos\u00e9s. Chacune des cartes permet de consulter librement la documentation de la BU et d\u2019avoir acc\u00e8s \u00e0 des postes informatiques avec internet, ainsi qu\u2019aux ressources \u00e9lectroniques sur place :<\/p><h5>Carte de visiteur<\/h5><p>Gratuite, cette carte ne permet pas l'emprunt de documents.<\/p><p>Pr\u00e9sentez-vous \u00e0 l'accueil muni d'une photographie d'identit\u00e9 et d'une pi\u00e8ce d'identit\u00e9 pour l'inscription.<\/p><h5>Carte de lecteur ext\u00e9rieur<\/h5><p style=\"margin-bottom: 30px\">Payante, cette carte permet d'emprunter des documents et d'avoir acc\u00e8s \u00e0 Internet et au WIFI ainsi qu'aux ressources \u00e9lectroniques sur place.<\/p><p>Valable un an de date \u00e0 date, l'inscription co\u00fbte <b>17 euros pour les \u00e9tudiants et les demandeurs d'emploi, 35 euros pour les autres personnes<\/b>.<\/p><div class=\"wp-block-columns\"><div class=\"wp-block-column\" style=\"flex-basis: 50%\"><p><b>Les pi\u00e8ces \u00e0 fournir sont les suivantes :<\/b><\/p><ul><li>Pi\u00e8ce d'identit\u00e9<\/li><li>Justificatif de domicile de moins de 3 mois<\/li><li>Photographie d'identit\u00e9<\/li><li>Carte d'\u00e9tudiant d'une autre universit\u00e9 ou justificatif P\u00f4le Emploi pour b\u00e9n\u00e9ficier du tarif r\u00e9duit<\/li><\/ul><\/div><div class=\"wp-block-column\" style=\"flex-basis: 50%\"><p><b>Moyens de paiement :<\/b><\/p><ul><li>Par carte bancaire (directement \u00e0 l'accueil de la biblioth\u00e8que)<\/li><li>En esp\u00e8ces (au bureau de l'agence comptable de l'universit\u00e9 - bureau 471 - 4e \u00e9tage - b\u00e2timent Ile de France, ouvert du lundi au jeudi de 10h \u00e0 12h30 et de 14h \u00e0 17h et le vendredi de 10h \u00e0 12h30 et de 14h \u00e0 16h) ; pensez \u00e0 rapporter le justificatif de paiement lors de votre inscription \u00e0 l'accueil de la biblioth\u00e8que.<\/li><li>L'universit\u00e9 d'\u00c9vry n'accepte plus les ch\u00e8ques.<\/li><\/ul><\/div><\/div><\/div><\/div><\/div><div class=\"ea-card sp-ea-single\"><h3 class=\"ea-header\"><a class=\"collapsed\" id=\"ea-header-30531\" role=\"button\" data-sptoggle=\"spcollapse\" data-sptarget=\"#collapse30531\" aria-controls=\"collapse30531\" href=\"#\" aria-expanded=\"false\" tabindex=\"0\"><i aria-hidden=\"true\" role=\"presentation\" class=\"ea-expand-icon eap-icon-ea-expand-plus\"><\/i> Lyc\u00e9en mineur en classe de Terminale<\/a><\/h3><div class=\"sp-collapse spcollapse spcollapse\" id=\"collapse30531\" role=\"region\" aria-labelledby=\"ea-header-30531\"> <div class=\"ea-body\"><p>Si vous \u00eates lyc\u00e9en en classe de terminale et <b>mineur<\/b>, vous avez la possibilit\u00e9 d'\u00eatre inscrit \u00e0 la biblioth\u00e8que. Pour ce faire, il vous faut<strong> t\u00e9l\u00e9charger, remplir et faire signer<\/strong> par vous-m\u00eame ET vos repr\u00e9sentants l\u00e9gaux le formulaire d'autorisation d'inscription.<\/p><p style=\"text-align: center\"><a class=\"wp-block-button__link has-background\" href=\"https:\/\/www.biblio.univ-evry.fr\/wp-content\/uploads\/2024\/09\/Formulaire_accueil_lyceen_mineur.pdf\">Formulaire d'autorisation d'inscription<\/a><\/p><p><strong>Merci de vous pr\u00e9senter ensuite \u00e0 l'accueil de la BU muni du formulaire, d'une photo d'identit\u00e9 et de votre carnet de correspondance pour finaliser votre inscription.<\/strong><\/p><p>Vous avez jusqu'au 26 juin 2026 de l'ann\u00e9e scolaire en cours pour vous inscrire \u00e0 la biblioth\u00e8que. La carte est valable jusqu'au 23 juillet 2026.<\/p><p>Cette inscription offre la possibilit\u00e9 de venir travailler \u00e0 la BU et d'utiliser la documentation disponible sur place. Elle ne permet toutefois pas le pr\u00eat de documents ni l\u2019utilisation du r\u00e9seau WIFI.<\/p><p style=\"font-weight: bold\"><span style=\"text-decoration: underline\">Attention<\/span> : l'inscription des lyc\u00e9ens en classe de seconde et de premi\u00e8re n'est pas possible.<\/p><p class=\"exergue\"><span style=\"text-decoration: underline\">Nota Bene<\/span> : Les lyc\u00e9ens d\u00e9j\u00e0 inscrits dans le dispositif des \u00ab Cord\u00e9es de la r\u00e9ussite \u00bb ne sont pas concern\u00e9s par le formulaire.<\/p><\/div><\/div><\/div><\/div><\/div>\n<\/div>\n\t\t\t\t<\/div>\n\t\t\t\t<\/div>\n\t\t<\/div>\n\t\t\n","protected":false},"excerpt":{"rendered":"","protected":false},"author":1,"featured_media":0,"parent":0,"menu_order":0,"comment_status":"closed","ping_status":"closed","template":"","meta":{"wpupg_custom_link":[],"wpupg_custom_link_behaviour":[],"wpupg_custom_link_nofollow":[],"wpupg_custom_image":[],"wpupg_custom_image_id":[],"footnotes":""},"class_list":["post-63","page","type-page","status-publish","hentry"],"_links":{"self":[{"href":"https:\/\/www.biblio.univ-evry.fr\/index.php\/wp-json\/wp\/v2\/pages\/63","targetHints":{"allow":["GET"]}}],"collection":[{"href":"https:\/\/www.biblio.univ-evry.fr\/index.php\/wp-json\/wp\/v2\/pages"}],"about":[{"href":"https:\/\/www.biblio.univ-evry.fr\/index.php\/wp-json\/wp\/v2\/types\/page"}],"author":[{"embeddable":true,"href":"https:\/\/www.biblio.univ-evry.fr\/index.php\/wp-json\/wp\/v2\/users\/1"}],"replies":[{"embeddable":true,"href":"https:\/\/www.biblio.univ-evry.fr\/index.php\/wp-json\/wp\/v2\/comments?post=63"}],"version-history":[{"count":79,"href":"https:\/\/www.biblio.univ-evry.fr\/index.php\/wp-json\/wp\/v2\/pages\/63\/revisions"}],"predecessor-version":[{"id":3054,"href":"https:\/\/www.biblio.univ-evry.fr\/index.php\/wp-json\/wp\/v2\/pages\/63\/revisions\/3054"}],"wp:attachment":[{"href":"https:\/\/www.biblio.univ-evry.fr\/index.php\/wp-json\/wp\/v2\/media?parent=63"}],"curies":[{"name":"wp","href":"https:\/\/api.w.org\/{rel}","templated":true}]}}