{"id":245,"date":"2020-09-02T12:27:00","date_gmt":"2020-09-02T10:27:00","guid":{"rendered":"https:\/\/newweb.biblio.univ-evry.fr\/?page_id=245"},"modified":"2021-10-28T09:31:00","modified_gmt":"2021-10-28T07:31:00","slug":"reglement-de-la-bu","status":"publish","type":"page","link":"https:\/\/www.biblio.univ-evry.fr\/index.php\/reglement-de-la-bu\/","title":{"rendered":"R\u00e8glement de la BU"},"content":{"rendered":"\n<p>Le pr\u00e9sent r\u00e8glement est applicable dans toutes les biblioth\u00e8ques du Service Commun de Documentation de l&rsquo;Universit\u00e9 d&rsquo;Evry Val d&rsquo;Essonne :<\/p>\n\n\n\n<ul class=\"wp-block-list\"><li>La Biblioth\u00e8que Universitaire Centrale<\/li><li>La biblioth\u00e8que de l&rsquo;UFR de Sciences Humaines et Sociales<\/li><li>La biblioth\u00e8que de l&rsquo;IUT site de Br\u00e9tigny<\/li><li>La biblioth\u00e8que de l&rsquo;UFR de Sciences et techniques&nbsp;<\/li><\/ul>\n\n\n\n<style>#sp-ea-997 .spcollapsing { height: 0; overflow: hidden; transition-property: height;transition-duration: 500ms;}#sp-ea-997{ position: relative; }#sp-ea-997 .ea-card{ opacity: 0;}#eap-preloader-997{ position: absolute; left: 0; top: 0; height: 100%;width: 100%; text-align: center;display: flex; align-items: center;justify-content: center;}#sp-ea-997.sp-easy-accordion>.sp-ea-single {margin-bottom: 10px; border: 0px solid #e2e2e2; }#sp-ea-997.sp-easy-accordion>.sp-ea-single>.ea-header a {color: #444;}#sp-ea-997.sp-easy-accordion>.sp-ea-single>.sp-collapse>.ea-body {background: #fff; color: #444;}#sp-ea-997.sp-easy-accordion>.sp-ea-single {background: #ffffff;}#sp-ea-997.sp-easy-accordion>.sp-ea-single>.ea-header a .ea-expand-icon { float: left; color: #444;font-size: 16px;}<\/style><div id=\"sp_easy_accordion-1776278058\"><div id=\"sp-ea-997\" class=\"sp-ea-one sp-easy-accordion\" data-ea-active=\"ea-click\" data-ea-mode=\"vertical\" data-preloader=\"1\" data-scroll-active-item=\"\" data-offset-to-scroll=\"0\"><div id=\"eap-preloader-997\" class=\"accordion-preloader\"><img src=\"https:\/\/www.biblio.univ-evry.fr\/wp-content\/plugins\/easy-accordion-free\/public\/assets\/ea_loader.svg\" alt=\"Loader image\"\/><\/div><div class=\"ea-card sp-ea-single\"><h3 class=\"ea-header\"><a class=\"collapsed\" id=\"ea-header-9970\" role=\"button\" data-sptoggle=\"spcollapse\" data-sptarget=\"#collapse9970\" aria-controls=\"collapse9970\" href=\"#\" aria-expanded=\"false\" tabindex=\"0\"><i aria-hidden=\"true\" role=\"presentation\" class=\"ea-expand-icon eap-icon-ea-expand-plus\"><\/i> 1 - Statut, conditions d'acc\u00e8s<\/a><\/h3><div class=\"sp-collapse spcollapse spcollapse\" id=\"collapse9970\" role=\"region\" aria-labelledby=\"ea-header-9970\"> <div class=\"ea-body\"><p><strong>Article 1<\/strong> \u2013 La biblioth\u00e8que universitaire est un service public ouvert \u00e0 la communaut\u00e9 universitaire\u00a0: \u00e9tudiants, enseignants, chercheurs, personnel des \u00e9tablissements composantes et membres associ\u00e9s de l\u2019Universit\u00e9 Paris-Saclay.<\/p><p><strong>Article 2<\/strong> \u2013 La biblioth\u00e8que est \u00e9galement accessible aux personnes majeures ext\u00e9rieures \u00e0 l'universit\u00e9 qui manifestent le souhait d'acc\u00e9der \u00e0 ses services, ainsi qu\u2019aux lyc\u00e9ens mineurs inscrits en terminale (se reporter au site internet de la Biblioth\u00e8que). La consultation des documents sur place est gratuite. Pour b\u00e9n\u00e9ficier du pr\u00eat \u00e0 domicile, les lecteurs doivent s'acquitter d'un droit d'inscription non remboursable. Les pi\u00e8ces \u00e0 fournir pour les deux inscriptions sont les suivantes\u00a0: photo r\u00e9cente, pi\u00e8ce d'identit\u00e9. Pour l'inscription payante il est demand\u00e9 en plus un justificatif de domicile de moins de trois mois et un paiement par ch\u00e8que, esp\u00e8ces ou carte bancaire.<\/p><p><strong>Article 3<\/strong> \u2013 Les horaires d'ouverture de la biblioth\u00e8que sont fix\u00e9s pour chaque ann\u00e9e universitaire. La biblioth\u00e8que peut \u00eatre amen\u00e9e \u00e0 modifier temporairement, en cours d'ann\u00e9e, les conditions d'ouverture afin de s'adapter au calendrier universitaire ou organiser au mieux des op\u00e9rations de traitement de ses collections. Les horaires varient d'un site \u00e0 l'autre du SCD et sont port\u00e9s \u00e0 la connaissance du public par voie d'affichage et\/ou \u00e0 travers le site de la BU (<a href=\"http:\/\/www.biblio.univ-evry.fr\">http:\/\/www.biblio.univ-evry.fr<\/a>) et les r\u00e9seaux sociaux.<\/p><\/div><\/div><\/div><div class=\"ea-card sp-ea-single\"><h3 class=\"ea-header\"><a class=\"collapsed\" id=\"ea-header-9971\" role=\"button\" data-sptoggle=\"spcollapse\" data-sptarget=\"#collapse9971\" aria-controls=\"collapse9971\" href=\"#\" aria-expanded=\"false\" tabindex=\"0\"><i aria-hidden=\"true\" role=\"presentation\" class=\"ea-expand-icon eap-icon-ea-expand-plus\"><\/i> 2 - Principes d'usage de la biblioth\u00e8que<\/a><\/h3><div class=\"sp-collapse spcollapse spcollapse\" id=\"collapse9971\" role=\"region\" aria-labelledby=\"ea-header-9971\"> <div class=\"ea-body\"><h5 style=\"padding-left: 40px\">2.1 R\u00e8gles de comportement<\/h5><p><strong>Article 4<\/strong> \u2013 Les utilisateurs sont tenus de respecter le calme \u00e0 l\u2019int\u00e9rieur des locaux de la biblioth\u00e8que et de respecter les r\u00e8gles g\u00e9n\u00e9rales en mati\u00e8re d'hygi\u00e8ne et de s\u00e9curit\u00e9. Ils ne devront en aucune circonstance, par leur comportement, \u00eatre cause de nuisance pour les autres utilisateurs.<\/p><p><strong>Article 5<\/strong> \u2013 Tout utilisateur est tenu de pr\u00e9senter sa carte de biblioth\u00e8que ou carte d\u2019\u00e9tudiant sur demande d\u2019un membre du personnel de la biblioth\u00e8que.<\/p><p><strong>Article 6<\/strong> \u2013 La carte de biblioth\u00e8que est personnelle et non cessible. Le titulaire de la carte de biblioth\u00e8que reste responsable de toute transaction r\u00e9alis\u00e9e avec (entr\u00e9e dans la biblioth\u00e8que, emprunt de documents...) et assumera toute cons\u00e9quence en cas de pr\u00eat \u00e0 une tierce personne.<\/p><p><strong>Article 7<\/strong> \u2013 Il est strictement interdit\u00a0:<\/p><ul><li>De fumer, de boire (\u00e0 l'exception des seules bouteilles d'eau pourvues d'un bouchon qui sont tol\u00e9r\u00e9es) ou de manger \u00e0 l'int\u00e9rieur de la biblioth\u00e8que,<\/li><li>De laisser brancher et d'utiliser un t\u00e9l\u00e9phone portable ou tout autre appareil susceptible de g\u00eaner les autres usagers de la biblioth\u00e8que,<\/li><li>De d\u00e9grader les locaux et les \u00e9quipements,<\/li><li>D'annoter ou de d\u00e9grader les documents,<\/li><li>De sortir des salles de consultation avec des documents appartenant \u00e0 la biblioth\u00e8que sans avoir auparavant proc\u00e9d\u00e9 \u00e0 leur pr\u00eat,<\/li><li>De p\u00e9n\u00e9trer sans autorisation dans les services r\u00e9serv\u00e9s au personnel de la biblioth\u00e8que,<\/li><li>De contourner les dispositifs de protection des postes informatiques mis \u00e0 la disposition du public,<\/li><li>D'afficher ou de distribuer des documents dans les espaces ouverts au public sans autorisation de la direction de la Biblioth\u00e8que,<\/li><li>D'introduire des animaux, \u00e0 l\u2019exception des chiens accompagnant les personnes mal ou non voyantes.<\/li><\/ul><p><strong>Article 8<\/strong> \u2013 Les salles de travail en groupe sont interdites aux lecteurs ext\u00e9rieurs munis d'une carte de consultation sur place ou d'une carte de visiteur. Les groupes de lecteurs, constitu\u00e9s au moins de trois personnes, doivent se pr\u00e9senter au bureau de renseignement avant de pouvoir acc\u00e9der \u00e0 une salle de travail en groupe.<\/p><h5 style=\"padding-left: 40px\">2.2 Consignes de s\u00e9curit\u00e9<\/h5><p><strong>Article 9<\/strong> \u2013 Les usagers sont tenus de respecter les consignes de s\u00e9curit\u00e9 du personnel lorsque l'alarme \u00e0 incendie retentit.<\/p><h5 style=\"padding-left: 40px\">2.3 Responsabilit\u00e9 de la biblioth\u00e8que<\/h5><p><strong>Article 10<\/strong> \u2013 La biblioth\u00e8que ne peut \u00eatre tenue pour responsable de tout vol, de toute perte ou de tout dommage aux biens appartenant aux usagers.<\/p><\/div><\/div><\/div><div class=\"ea-card sp-ea-single\"><h3 class=\"ea-header\"><a class=\"collapsed\" id=\"ea-header-9972\" role=\"button\" data-sptoggle=\"spcollapse\" data-sptarget=\"#collapse9972\" aria-controls=\"collapse9972\" href=\"#\" aria-expanded=\"false\" tabindex=\"0\"><i aria-hidden=\"true\" role=\"presentation\" class=\"ea-expand-icon eap-icon-ea-expand-plus\"><\/i> 3 - Reproduction de documents<\/a><\/h3><div class=\"sp-collapse spcollapse spcollapse\" id=\"collapse9972\" role=\"region\" aria-labelledby=\"ea-header-9972\"> <div class=\"ea-body\"><p><strong>Article 11<\/strong> \u2013 Il est rappel\u00e9 aux utilisateurs que la reproduction des documents est soumise au respect de la l\u00e9gislation en vigueur sur le droit des auteurs et \u00e9diteurs ainsi que sur la r\u00e9glementation concernant l\u2019utilisation des copies.<\/p><p><strong>Article 12<\/strong> \u2013 Le personnel de la biblioth\u00e8que peut interdire la reproduction des documents volumineux ou fragiles.<\/p><\/div><\/div><\/div><div class=\"ea-card sp-ea-single\"><h3 class=\"ea-header\"><a class=\"collapsed\" id=\"ea-header-9973\" role=\"button\" data-sptoggle=\"spcollapse\" data-sptarget=\"#collapse9973\" aria-controls=\"collapse9973\" href=\"#\" aria-expanded=\"false\" tabindex=\"0\"><i aria-hidden=\"true\" role=\"presentation\" class=\"ea-expand-icon eap-icon-ea-expand-plus\"><\/i> 4 - R\u00e8gles de pr\u00eat<\/a><\/h3><div class=\"sp-collapse spcollapse spcollapse\" id=\"collapse9973\" role=\"region\" aria-labelledby=\"ea-header-9973\"> <div class=\"ea-body\"><p><strong>Article 13<\/strong> \u2013 Sont exclus du pr\u00eat pour toutes les cat\u00e9gories d'utilisateurs\u00a0: les p\u00e9riodiques, tous les ouvrages portant la mention \u00ab\u00a0exclu du pr\u00eat\u00a0\u00bb, ainsi que les th\u00e8ses imprim\u00e9es.<\/p><h5 style=\"padding-left: 40px\">4.1 Carte valid\u00e9e pour le pr\u00eat<\/h5><p><strong>Article 14<\/strong> \u2013 La pr\u00e9sentation de la carte de lecteur est obligatoire pour toute transaction de pr\u00eat.<\/p><p><strong>Article 15<\/strong> \u2013 Tout vol, toute perte de carte est \u00e0 signaler \u00e0 l'une des banques d'accueil ainsi que tout changement d'adresse.<\/p><h5 style=\"padding-left: 40px\">4.2 Respect des documents<\/h5><p><strong>Article 16<\/strong> - Il est demand\u00e9 aux usagers de prendre soin des documents qui leur sont communiqu\u00e9s ou pr\u00eat\u00e9s. Les collections des biblioth\u00e8ques sont un bien commun\u00a0; il est strictement interdit d'\u00e9crire, de dessiner, de surligner ou de faire une quelconque marque sur les documents, de plier ou de corner les pages.<\/p><h5 style=\"padding-left: 40px\">4.3 Nombre de documents et dur\u00e9e du pr\u00eat<\/h5><p><strong>Article 17<\/strong> - Les conditions de pr\u00eat valables pour l'ann\u00e9e universitaire sont pr\u00e9cis\u00e9es dans l'annexe au r\u00e8glement.<\/p><h5 style=\"padding-left: 40px\">4.4 Prolongation du pr\u00eat<\/h5><p><strong>Article 18<\/strong> - Elle ne peut \u00eatre accord\u00e9e que sur demande expresse de l'int\u00e9ress\u00e9 non retardataire et si le document n'est pas r\u00e9serv\u00e9 par un autre lecteur (dur\u00e9e pr\u00e9cis\u00e9e en annexe).<\/p><h5 style=\"padding-left: 40px\">4.5 Restitution des documents emprunt\u00e9s<\/h5><p><strong>Article 19<\/strong> - Un lecteur ne peut pr\u00e9tendre \u00e0 un nouveau pr\u00eat qu'apr\u00e8s restitution de l'ouvrage (ou des ouvrages) en retard et apr\u00e8s expiration de la p\u00e9riode de suspension.<\/p><p><strong>Article 20<\/strong> - Les ouvrages emprunt\u00e9s seront de pr\u00e9f\u00e9rence rendus sur le site de l'emprunt. Un document qui ne peut \u00eatre restitu\u00e9 \u00e0 la banque de pr\u00eat peut \u00eatre exp\u00e9di\u00e9 par courrier recommand\u00e9 avec accus\u00e9 de r\u00e9ception ou remis par un tiers.<\/p><h5 style=\"padding-left: 40px\">4.6 Perte ou d\u00e9t\u00e9rioration d'ouvrage<\/h5><p>Voir la section 5.<\/p><h5 style=\"padding-left: 40px\">4.7 Pr\u00eat d'\u00e9t\u00e9<\/h5><p><strong>Article 21<\/strong> - Les ouvrages peuvent \u00eatre pr\u00eat\u00e9s pour une dur\u00e9e plus longue \u00e0 partir de fin juin et doivent \u00eatre restitu\u00e9s en septembre (dates d\u00e9termin\u00e9es chaque ann\u00e9e par la biblioth\u00e8que).<\/p><h5 style=\"padding-left: 40px\">4.8 Consultation sur les postes informatiques<\/h5><p><strong>Article 22<\/strong> - Le mat\u00e9riel mis \u00e0 disposition est r\u00e9serv\u00e9 \u00e0 la recherche documentaire. Toute anomalie de fonctionnement doit \u00eatre imm\u00e9diatement signal\u00e9e au personnel de la biblioth\u00e8que. Il est interdit de changer les param\u00e8tres des postes, d'op\u00e9rer des d\u00e9chargements \u00e0 partir des sites Internet. L'usage des cl\u00e9s USB et des disques durs externes personnels est autoris\u00e9 \u00e0 l'exclusion de tout autre support ou mat\u00e9riel.<\/p><\/div><\/div><\/div><div class=\"ea-card sp-ea-single\"><h3 class=\"ea-header\"><a class=\"collapsed\" id=\"ea-header-9974\" role=\"button\" data-sptoggle=\"spcollapse\" data-sptarget=\"#collapse9974\" aria-controls=\"collapse9974\" href=\"#\" aria-expanded=\"false\" tabindex=\"0\"><i aria-hidden=\"true\" role=\"presentation\" class=\"ea-expand-icon eap-icon-ea-expand-plus\"><\/i> 5 - Sanctions<\/a><\/h3><div class=\"sp-collapse spcollapse spcollapse\" id=\"collapse9974\" role=\"region\" aria-labelledby=\"ea-header-9974\"> <div class=\"ea-body\"><p>Sanctions encourues en cas de\u00a0:<\/p><h5 style=\"padding-left: 40px\">5.1 Retard dans la restitution des documents emprunt\u00e9s<\/h5><p><strong>Article 23<\/strong> - En cas de retard, la suspension de pr\u00eat est imm\u00e9diate et totale, d'une dur\u00e9e \u00e9gale au retard enregistr\u00e9. La Biblioth\u00e8que envoie aux usagers, 3 jours avant la date d\u2019\u00e9ch\u00e9ance, un SMS leur rappelant la date de retour. L\u2019usager souhaitant b\u00e9n\u00e9ficier du service \u00ab pr\u00e9avis SMS \u00bb doit au pr\u00e9alable, communiquer son num\u00e9ro de portable. A partir d'une semaine de retard, la biblioth\u00e8que envoie trois lettres de relance par courrier \u00e9lectronique.<\/p><h5 style=\"padding-left: 40px\">5.2 Perte ou d\u00e9t\u00e9rioration de documents<\/h5><p><strong>Article 24<\/strong> - Tout document perdu ou d\u00e9t\u00e9rior\u00e9 par l'usager devra \u00eatre remplac\u00e9 \u00e0 l'identique ou rembours\u00e9 au prix annonc\u00e9 par la biblioth\u00e8que. Les CD et DVD ne pourront faire l'objet que d'un remboursement uniquement. Le remboursement sera acquitt\u00e9 par ch\u00e8que libell\u00e9 \u00e0 l'ordre de l'Agent comptable de l'Universit\u00e9 d'Evry Val d'Essonne, en esp\u00e8ces ou carte bleue. La suspension du pr\u00eat est maintenue jusqu'au r\u00e8glement d\u00e9finitif du litige.<\/p><h5 style=\"padding-left: 40px\">5.3 Tentative de vol de documents<\/h5><p><strong>Article 25<\/strong> - Tous les documents mis \u00e0 la disposition des utilisateurs sont \u00e9quip\u00e9s contre le vol. En cas de tentative de vol, le personnel de la biblioth\u00e8que pourra prendre toute mesure \u00e9nonc\u00e9e aux articles 26 et 27.<\/p><h5 style=\"padding-left: 40px\">5.4 Non-respect des dispositions pr\u00e9vues dans la section 2<\/h5><p><strong>Article 26<\/strong> - Le personnel de la biblioth\u00e8que est habilit\u00e9 \u00e0 inscrire un avertissement dans le dossier de l'utilisateur et \u00e0 l'exclure du pr\u00eat. Une mesure conservatoire d'interdiction d'acc\u00e8s \u00e0 la biblioth\u00e8que prenant effet imm\u00e9diatement peut \u00eatre prononc\u00e9e dans les cas les plus graves.<\/p><p><strong>Article 27<\/strong> - En cas de manquement grave ou r\u00e9p\u00e9t\u00e9 \u00e0 ces dispositions, les noms des int\u00e9ress\u00e9s seront signal\u00e9s \u00e0 la Pr\u00e9sidence de l'universit\u00e9 aux fins de traduction devant la commission de discipline.<\/p><\/div><\/div><\/div><div class=\"ea-card sp-ea-single\"><h3 class=\"ea-header\"><a class=\"collapsed\" id=\"ea-header-9975\" role=\"button\" data-sptoggle=\"spcollapse\" data-sptarget=\"#collapse9975\" aria-controls=\"collapse9975\" href=\"#\" aria-expanded=\"false\" tabindex=\"0\"><i aria-hidden=\"true\" role=\"presentation\" class=\"ea-expand-icon eap-icon-ea-expand-plus\"><\/i> Annexe au r\u00e8glement de la biblioth\u00e8que universitaire<\/a><\/h3><div class=\"sp-collapse spcollapse spcollapse\" id=\"collapse9975\" role=\"region\" aria-labelledby=\"ea-header-9975\"> <div class=\"ea-body\"><h5 style=\"padding-left: 40px\">Les dispositions en vigueur pour l'ann\u00e9e universitaire sont les suivantes<\/h5><p>Le tarif du droit d'inscription pour les personnes ext\u00e9rieures \u00e0 l'universit\u00e9 est fix\u00e9 chaque ann\u00e9e par le Conseil d'Administration de l'Universit\u00e9 (r\u00e8glement par ch\u00e8que \u00e0 l'ordre de l'Agent comptable de l'Universit\u00e9 d'Evry ou par esp\u00e8ces).<\/p><p>Un tarif r\u00e9duit est accord\u00e9 aux \u00e9tudiants des autres universit\u00e9s et aux ch\u00f4meurs sur pr\u00e9sentation d'un justificatif.<\/p><p>Les motivations des lyc\u00e9ens souhaitant s'inscrire \u00e0 la biblioth\u00e8que seront examin\u00e9es auparavant via un formulaire \u00e0 remplir en ligne depuis le site internet de la BU (<a href=\"http:\/\/www.biblio.univ-evry.fr\/\">http:\/\/www.biblio.univ-evry.fr<\/a>).<\/p><h5 style=\"padding-left: 40px\">Horaires hebdomadaires d'ouverture au public du lundi au samedi<\/h5><ul><li>Lundi, mardi, mercredi, jeudi, vendredi\u00a0: 8h30 - 19h<\/li><li>Samedi\u00a0: 9h \u2013 17h<\/li><\/ul><h5 style=\"padding-left: 40px\">P\u00e9riodes d\u2019ouverture prolong\u00e9e (fermeture \u00e0 20h)<\/h5><ul><li>Deux semaines en d\u00e9cembre et une semaine en janvier ;<\/li><li>Trois semaines en mai.<\/li><\/ul><h5 style=\"padding-left: 40px\">P\u00e9riodes d'ouverture restreinte<\/h5><ul><li>Pendant les vacances d'\u00e9t\u00e9.<\/li><\/ul><h5 style=\"padding-left: 40px\">Fermetures annuelles<\/h5><ul><li>Vacances universitaires de No\u00ebl et 4 semaines en \u00e9t\u00e9.<\/li><\/ul><h5 style=\"padding-left: 40px\">Pr\u00eat \u00e0 domicile<\/h5><ul><li>\u00c9tudiants de licence, lecteurs ext\u00e9rieurs, membres de l\u2019UTL\u00a0: 8 documents pour 21 jours<\/li><li>\u00c9tudiants de master, pr\u00e9paration Capes et agr\u00e9gation, \u00e9tudiants de l\u2019IEJ\u00a0: 12 documents pour 28 jours<\/li><li>Doctorants, enseignants, chercheurs, personnels de l\u2019universit\u00e9, CFA\u00a0: 25 documents pour 60 jours<\/li><li>La prolongation est possible une fois, pour une dur\u00e9e de 14 jours pour les deux premiers groupes et pour une dur\u00e9e de 28 jours pour le dernier groupe. La prolongation doit \u00eatre effectu\u00e9e avant la date pr\u00e9vue pour la restitution du document \u00e0 la biblioth\u00e8que.<\/li><\/ul><\/div><\/div><\/div><\/div><\/div>\n\n\n\n<div class=\"wp-block-buttons is-layout-flex wp-block-buttons-is-layout-flex\">\n<div class=\"wp-block-button\"><a class=\"wp-block-button__link has-background\" href=\"https:\/\/www.biblio.univ-evry.fr\/wp-content\/uploads\/2021\/10\/2021_reglement_BU.pdf\" style=\"background-color:#005793\">T\u00e9l\u00e9charger la version PDF<\/a><\/div>\n<\/div>\n","protected":false},"excerpt":{"rendered":"<p>Le pr\u00e9sent r\u00e8glement est applicable dans toutes les biblioth\u00e8ques du Service Commun de Documentation de l&rsquo;Universit\u00e9 d&rsquo;Evry Val d&rsquo;Essonne : La Biblioth\u00e8que Universitaire Centrale La biblioth\u00e8que de l&rsquo;UFR de Sciences Humaines et Sociales La biblioth\u00e8que de l&rsquo;IUT site de Br\u00e9tigny La biblioth\u00e8que de l&rsquo;UFR de Sciences et techniques&nbsp;<\/p>\n","protected":false},"author":1,"featured_media":0,"parent":0,"menu_order":0,"comment_status":"closed","ping_status":"closed","template":"","meta":{"wpupg_custom_link":[],"wpupg_custom_link_behaviour":[],"wpupg_custom_link_nofollow":[],"wpupg_custom_image":[],"wpupg_custom_image_id":[],"footnotes":""},"class_list":["post-245","page","type-page","status-publish","hentry"],"_links":{"self":[{"href":"https:\/\/www.biblio.univ-evry.fr\/index.php\/wp-json\/wp\/v2\/pages\/245","targetHints":{"allow":["GET"]}}],"collection":[{"href":"https:\/\/www.biblio.univ-evry.fr\/index.php\/wp-json\/wp\/v2\/pages"}],"about":[{"href":"https:\/\/www.biblio.univ-evry.fr\/index.php\/wp-json\/wp\/v2\/types\/page"}],"author":[{"embeddable":true,"href":"https:\/\/www.biblio.univ-evry.fr\/index.php\/wp-json\/wp\/v2\/users\/1"}],"replies":[{"embeddable":true,"href":"https:\/\/www.biblio.univ-evry.fr\/index.php\/wp-json\/wp\/v2\/comments?post=245"}],"version-history":[{"count":5,"href":"https:\/\/www.biblio.univ-evry.fr\/index.php\/wp-json\/wp\/v2\/pages\/245\/revisions"}],"predecessor-version":[{"id":4277,"href":"https:\/\/www.biblio.univ-evry.fr\/index.php\/wp-json\/wp\/v2\/pages\/245\/revisions\/4277"}],"wp:attachment":[{"href":"https:\/\/www.biblio.univ-evry.fr\/index.php\/wp-json\/wp\/v2\/media?parent=245"}],"curies":[{"name":"wp","href":"https:\/\/api.w.org\/{rel}","templated":true}]}}